- 11. Determine a(10).
-41
Let a(g) = g - 3. Calculate a(11).
8
Let x(m) = -3*m - 1. Determine x(11).
-34
Let c(o) = 39*o - 44. Calculate c(1).
-5
Let t(z) = z**3 - 7*z**2 + 4*z - 10. What is t(7)?
18
Let f(a) = -5*a**3 - 2*a. Determine f(2).
-44
Let q(d) = d**2 + 6*d - 8. Calculate q(-8).
8
Let f(i) = i + 28. Calculate f(-21).
7
Let g(k) = k**3 - 3*k**2 - 6*k + 3. Give g(4).
-5
Let k(p) = -2*p**2 + 11*p - 12. Give k(9).
-75
Let n(c) = 11*c**2 - 7*c - 14. Determine n(-4).
190
Let c(s) = -s - 17. Determine c(-7).
-10
Let t(y) = 66*y - 1985. Calculate t(30).
-5
Let x(s) = 2*s - 75. Give x(48).
21
Let r(g) = -4*g**2 - 15*g - 1. What is r(-7)?
-92
Let f(i) = -4*i**2 - 33*i + 44. What is f(-9)?
17
Let w(s) = s**2 - 124. What is w(-11)?
-3
Let z(o) = -o**2 + 14*o + 44. Determine z(16).
12
Let j(n) = -10*n**2 - 1. Give j(1).
-11
Let x(q) = -q**3 + 14*q**2 + 15*q - 1. Determine x(15).
-1
Let t(p) = 103*p + 9. Give t(-2).
-197
Let s(x) = x**2 + 6*x - 24. What is s(-13)?
67
Let o(b) = 10*b - 6. Calculate o(2).
14
Let w(h) = h**2 - 7*h + 6. Give w(6).
0
Let v(h) = h**2 + 4*h - 1. Determine v(2).
11
Let w(m) = m**3 - 9*m**2 + 13*m + 15. Give w(7).
8
Let k(s) = -13*s + 87. Give k(8).
-17
Let d(j) = -40*j + 116. Determine d(3).
-4
Let v(z) = -z**3 + 40*z**2 - 365*z + 19. Calculate v(14).
5
Let x(y) = -37*y - 35. Give x(-1).
2
Let g(o) = 5*o. Give g(-1).
-5
Let w(i) = -i**2 + 2*i - 5. What is w(0)?
-5
Let y(u) = -u**3 + 8*u**2 - 6*u - 8. Give y(6).
28
Let y(s) = -4*s + 50. Determine y(6).
26
Let j(d) = -d**3 + 5*d - 1. What is j(-4)?
43
Let m(i) = -7*i + 13. What is m(0)?
13
Let z(i) = i + 1. What is z(-2)?
-1
Let p(w) = w**3 + 33*w**2 - w - 43. Give p(-33).
-10
Let r(v) = 49*v**2. Give r(1).
49
Let k(i) = -6*i - 2. Calculate k(-4).
22
Let z(g) = -g**3 + 7*g**2 - 3*g - 10. What is z(6)?
8
Let y(m) = m**3 + 9*m**2 + 8*m + 11. Give y(-8).
11
Let h(o) = o**2 - 12*o - 52. Determine h(15).
-7
Let n(j) = 7*j - 42. What is n(6)?
0
Let u(c) = c**3 + 8*c**2 - 11*c - 105. Give u(-8).
-17
Let r(i) = -i**2 - 10*i - 30. Calculate r(-5).
-5
Let f(d) = d**2 - 15*d + 31. Calculate f(13).
5
Let z(x) = 9*x + 17. What is z(-5)?
-28
Let x(m) = -m**3 - 4*m**2 + 6. Calculate x(-4).
6
Let p(b) = 5*b**2 - 32*b + 3. Give p(6).
-9
Let k(a) = -5*a**2 - 5*a - 7. Give k(-5).
-107
Let u(a) = -a**3 - 23*a**2 + 46*a - 29. Give u(-25).
71
Let u(d) = -19*d - 162. Determine u(-9).
9
Let q(a) = 13*a**2 - 52*a - 3. What is q(4)?
-3
Let h(i) = i**3 - i + 3. What is h(-3)?
-21
Let m(z) = -z**3 + 3*z**2 + 3*z + 2. Determine m(4).
-2
Let y(d) = d**3 - 2*d**2 - d + 6. Calculate y(3).
12
Let r(a) = a**2 + 3*a - 46. Calculate r(-15).
134
Let b(k) = -k**3 - 3*k**2 + 3*k + 2. Calculate b(-3).
-7
Let p(r) = r**2 + 17*r + 23. Determine p(-15).
-7
Let s(k) = k**2 - 9. Determine s(-4).
7
Let k(z) = -z - 3. Calculate k(-12).
9
Let d(t) = -11*t**3 - t**2 + 1. Determine d(-1).
11
Let d(m) = -m**2 - 4*m + 3. Give d(-5).
-2
Let a(p) = 5*p**2 - 2. Calculate a(-2).
18
Let l(u) = u + 6. Determine l(-3).
3
Let o(v) = 9*v - 211. Calculate o(24).
5
Let b(i) = -i**2 - 4*i - 10. Determine b(-3).
-7
Let a(b) = -b - 6. Determine a(-13).
7
Let r(t) = t**3 - t**2 + 2*t - 74. Calculate r(0).
-74
Let i(a) = a**3 + 5*a**2 - 12*a + 2. Determine i(-6).
38
Let o(f) = -f**3 + 5*f**2 + 9*f + 7. Give o(7).
-28
Let y(i) = 4*i**3 - i**2 + 6*i - 2. Determine y(2).
38
Let f(n) = 27*n - 599. Calculate f(22).
-5
Let m(z) = -7*z**2 - 63*z + 13. Give m(-9).
13
Let n(m) = 4*m - 19. What is n(4)?
-3
Let t(p) = 2*p**2 + 7*p + 5. Determine t(-5).
20
Let a(i) = -12*i**2 - 84*i + 5. Give a(-7).
5
Let u(v) = -v**2 - 14*v - 7. What is u(-12)?
17
Let l(m) = -19*m + 96. Calculate l(4).
20
Let t(i) = -i**3 + 3*i**2 + 4*i - 9. Determine t(4).
-9
Let a(v) = -4*v + 4. What is a(8)?
-28
Let i(m) = m**3 + 5*m**2 - 5*m + 5. Give i(4).
129
Let n(d) = 4*d - 58. Calculate n(-7).
-86
Let r(d) = d + 1. What is r(-2)?
-1
Let q(s) = 2*s**2 - 2*s - 4. What is q(-3)?
20
Let t(s) = -7*s - 3. Calculate t(3).
-24
Let c(s) = -s - 7. Give c(-6).
-1
Let w(n) = 15*n**2 + n. What is w(2)?
62
Let i(n) = 20*n - 1. Calculate i(2).
39
Let p(n) = 2*n - 4. Calculate p(4).
4
Let u(k) = -k + 1. Give u(2).
-1
Let x(c) = -c**3 - 8*c**2 + 20*c - 6. Determine x(-10).
-6
Let k(q) = -2*q - 24. Determine k(5).
-34
Let l(g) = -g**3 + 13*g**2 + 2*g - 15. Give l(13).
11
Let t(y) = y**3 - 2*y**2 - 4*y - 11. Give t(4).
5
Let g(m) = 2*m**3 + m**2 - m - 2. Determine g(-2).
-12
Let r(w) = w**3 + 3*w**2 - 2*w + 2. What is r(-3)?
8
Let s(b) = b**2 - 3*b + 4. Determine s(-6).
58
Let t(s) = -4*s**2 + 20*s + 9. Give t(5).
9
Let w(k) = k**3 - 52*k**2 + 97*k + 154. Determine w(50).
4
Let c(f) = f**3 + 8*f**2 + f + 7. Give c(-8).
-1
Let s(b) = -3*b**2 - 6*b + 1. Give s(-3).
-8
Let f(s) = -3*s**2 - 3*s + 4. What is f(-3)?
-14
Let f(l) = -3*l - 2. What is f(8)?
-26
Let w(l) = -11*l**3 - 3*l**2 + 8*l + 10. Determine w(-1).
10
Let i(z) = -z**2 + 8*z - 4. What is i(3)?
11
Let r(b) = 50*b + 58. Give r(-1).
8
Let y(t) = -2*t - 2. Calculate y(-4).
6
Let f(h) = -18*h - 85. Calculate f(-5).
5
Let k(d) = -3*d**2 - 2*d + 3. Give k(5).
-82
Let o(a) = -14*a - 3. Calculate o(-2).
25
Let a(h) = -h**2 - 7*h + 28. Determine a(0).
28
Let a(c) = c**3 + 4*c**2 + 2*c - 1. Calculate a(-3).
2
Let i(d) = -12*d**3 - 5*d**2 + 2*d + 3. Give i(-2).
75
Let s(f) = 30*f - 2. Determine s(-1).
-32
Let u(j) = -j + 37. Determine u(0).
37
Let d(p) = -6*p + 2. Determine d(2).
-10
Let i(h) = -h**3 - 5*h**2 - 4*h - 2. Calculate i(-4).
-2
Let n(f) = -45*f - 80. What is n(-4)?
100
Let x(p) = p**2 + 29*p + 182. Calculate x(-23).
44
Let x(r) = -7*r + 215. Determine x(31).
-2
Let w(b) = 42*b - 22. Determine w(3).
104
Let o(t) = -4*t**3 - 8*t**2 - 6*t + 11. Determine o(-4).
163
Let m(p) = -39*p**3 - p**2 - 2*p - 1. Calculate m(-1).
39
Let a(p) = 9*p - 20. Determine a(6).
34
Let s(o) = 2*o + 3. Give s(5).
13
Let x(v) = 3*v + 6. Calculate x(-6).
-12
Let w(y) = 5*y**2 - 9*y - 12. Give w(2).
-10
Let j(t) = t + 35. What is j(-12)?
23
Let l(x) = -x**3 - 4*x + 104. Give l(0).
104
Let z(r) = -5*r - 107. Determine z(-25).
18
Let h(a) = a**3 + 10*a**2 + 18*a + 16. What is h(-7)?
37
Let l(i) = i**3 + 5*i**2 - 7*i + 4. Determine l(-6).
10
Let r(a) = a**3 + 5*a**2 - 4*a + 5. What is r(-5)?
25
Let z(j) = j**2 - j - 12. Give z(5).
8
Let y(h) = -7*h + 3. Determine y(-5).
38
Let t(n) = -15*n - 19. What is t(-2)?
11
Let z(q) = -4*q**3 - 2*q**2 - 2*q - 1. Give z(-1).
3
Let c(q) = -11*q**3 - 78*q**2 - 7*q + 4. Give c(-7).
4
Let b(w) = 4*w**3 - 5*w**2 + 7*w - 3. Determine b(1).
3
Let v(w) = w**3 - 12*w**2 + 13. Give v(12).
13
Let j(q) = q**3 + 31*q**2 - 34*q - 73. Determine j(-32).
-9
Let y(u) = -20*u**3 + u**2 - u - 1. Calculate y(-1).
21
Let n(s) = 5*s - 1. Calculate n(5).
24
Let x(i) = -28*i**2 + i - 1. Calculate x(1).
-28
Let o(v) = 3*v**3 + v**2 - 5*v - 14. Determine o(-2).
-24
Let a(r) = -99*r**2 + 6*r + 7. What is a(-1)?
-98
Let y(x) = -x**2 + 15*x - 19. Calculate y(14).
-5
Let x(a) = a**2 + a - 29. Calculate x(6).
13
Let y(b) = 10*b + 9. Give y(-1).
-1
Let z(s) = s**3 + 15*s**2 - 10*s + 12. Give z(-16).
-84
Let w(y) = 3*y**3 + y**2 - 8*y - 1. What is w(-3)?
-49
Let v(z) = z**2 - 2*z - 14. Give v(-6).
34
Let l(i) = -i**3 - 14*i**2 - 32*i - 2. Calculate l(-3).
-5
Let d(a) = -a**3 + 7*a**2 - 5*a - 16. Give d(5).
9
Let v(i) = -i - 20. What is v(-14)?
-6
Let v(f) = -f**2 + 17*f - 1. What is v(16)?
15
Let z(i) = -i**2 + 6*i. Determine z(3).
9
Let l(j) = -j**2 + 7*j + 11. Calculate l(8).
3
Let z(g) = -2*g**2 - 17*g - 25. Determine z(-6).
5
Let z(q) = -24*q**2 + 2*q + 2. What is z(-2)?
-98
Let h(d) = -2*d**2 + 34*d - 40. Give h(16).
-8
Let a(h) = -h**3 + 5*h**2 + 5*h. What is a(6)?
-6
Let p(w) = -9*w + 38. Determine p(8).
-34
Let o(q) = 38*q + 1. Give o(0).
1
Let l(a) = -a - 7. Determine l(17).
-24
Let i(j) = j**3 - 2*j**2 - 6*j + 1. Determine i(-3).
-26
Let c(n) = -2*n**3 - 5*n**2 + 5*n - 4. Give c(4).
-192
Let d(f) = 19*f + 104. Determine d(-5).
9
Let h(x) = 5*x + 9. What is h(-5)?
-16
Let j(d) = 5*d**2 + 7*d - 5. Give j(2).
29
Let i(k) = -k**3 - 21*k**2 - 5*k - 106. Determine i(-21).
-1
Let u(w) = 29*w**3 - w**2 + 4*w - 4. What is u(1)?
28
Let p(s) = s**3 - 3*s**2 - 3*s + 7. Calculate p(5).
42
Let c(p) = 3*p + 26. Give c(-6).
8
Let d(j) = 2*j**3 - 10*j**2 + 5*j 